e 1/(1/(-3)) + -3. Let j = o - -12. Suppose 30 = 4*y + j. Is y prime?
False
Let x(u) = 2*u**3 - 4*u**2 + u + 9. Let n be x(8). Suppose -4*k - k + n = 0. Is k composite?
False
Suppose -2*h + 1 = 3. Let w be ((-1)/2)/(h/4). Suppose -2*z = w*z - 76. Is z a prime number?
True
Suppose -3*k - 9 = -0*k. Let r(d) = -18*d - 1. Is r(k) composite?
False
Suppose -8*a + 1015 = -3*a. Is a composite?
True
Suppose -4*v - 593 = -5*g, -g - 475 = -5*g + 3*v. Is g a prime number?
False
Suppose 0*s - 151 = 4*p + s, 3*s - 155 = 4*p. Let r = 85 + p. Is r a prime number?
True
Suppose -x = 32 + 16. Let z = 122 + x. Is z a prime number?
False
Let r be -1 + -1 + (-20)/(-4). Let j(l) = 6 + 1 + 5*l - 4*l**2 + 10*l**2 + 0*l - l**r. Is j(5) a prime number?
False
Let k(r) = 72*r + 17. Is k(11) composite?
False
Suppose 0*k = k - 3*t - 467, -5*k + 3*t + 2383 = 0. Is k a prime number?
True
Let k = -35 + 25. Let h = 33 - k. Is h prime?
True
Suppose 7*f - 12*f + 5435 = 0. Is f prime?
True
Suppose -2*y = 3*n - 260 - 200, -5*n + 4*y + 752 = 0. Let m = -103 + n. Is m composite?
True
Let h(r) = 84*r + 9. Let k be h(6). Suppose -6*c - k = -2355. Is c a composite number?
False
Let x = -40 + 59. Is x a composite number?
False
Is (-18)/(-6) - (2 - 10) composite?
False
Let p = 65 + -19. Let o = -72 - -45. Let n = o + p. Is n prime?
True
Let z(l) = l + 3. Let p be z(-3). Let f = 2 + p. Suppose 2*c = 4*b - 46, 18 = 2*b + 2*c + f*c. Is b prime?
True
Let f(x) = x**3 + 5*x**2 - 6*x + 5. Let r be f(-6). Suppose -4*b = -3 - r. Suppose -y = b*y - 159. Is y a prime number?
True
Let z(j) = -4*j**2 + 5*j - 3. Let x(y) = 3*y**2 - 5*y + 2. Let f(n) = -3*x(n) - 4*z(n). Let p be f(-5). Suppose -b - p = -3*b. Is b composite?
False
Suppose 0 = -3*j + 2*j + 33. Is j prime?
False
Let p(q) = q**3 - 2 + q**2 + q + q - 3*q. Suppose 7 + 2 = 3*t. Is p(t) a composite number?
False
Is (-646)/(-3) - (-16)/(-12) prime?
False
Let n = -60 + 389. Is n prime?
False
Suppose g - 3*p - 338 = -4*p, -4*g + 2*p + 1346 = 0. Suppose g = 5*f - 268. Suppose f = 5*l + 26. Is l a prime number?
True
Let g(q) = -q**3 + 4*q**2 + 2*q - 4. Let r be g(5). Let k = 16 - r. Suppose b = -0*b + k. Is b prime?
False
Let c(q) = 45*q + 15. Let i(g) = g + 1. Let f(o) = -c(o) + 4*i(o). Let m(w) = 20*w + 5. Let x(a) = 6*f(a) + 13*m(a). Is x(6) a prime number?
True
Suppose -4*w = 339 - 1423. Is w a composite number?
False
Let v(c) = -2*c**3 + c**2 - 5*c - 1. Let r(p) = -5*p**3 + 2*p**2 - 10*p - 3. Let i(w) = -4*r(w) + 9*v(w). Is i(4) a composite number?
False
Let t = 75 - 52. Is t a composite number?
False
Suppose 4*d - 2*f = 3*d - 34, -3*f = -3*d - 87. Suppose 0 = -b + 32 + 13. Let k = b + d. Is k a composite number?
True
Let g(k) = k + 6. Let d be g(-6). Suppose 3*c = 3*t, d = t + 3*t - 5*c. Suppose 3*r + 3*o - 1041 = -54, t = 5*r + 4*o - 1647. Is r a composite number?
False
Let l = -7 + 11. Is 1*4/(l/15) prime?
False
Suppose 2*j = 5*j. Let l(u) = 7*u. Let x be l(5). Suppose -5*n + x = -j*n. Is n prime?
True
Suppose -n + 17 = 2*n - 5*z, 0 = n + 4*z. Suppose 70 = 3*r - 5*g, n*r + g - 24 = 31. Is r composite?
True
Let l = -225 - -428. Is l prime?
False
Let z(c) = c + 3. Let k be z(4). Let o(l) = 6 - 2*l - 4 + 6*l + 1. Is o(k) composite?
False
Suppose n + 27103 - 795 = 5*y, 0 = -2*y + 5*n + 10537. Is y prime?
True
Let y be (1 - 0) + -5 + -1. Let m(k) = k**2 + 5*k - 1. Let o be m(y). Let s = o + 12. Is s composite?
False
Let o(f) = f - 18. Let j be o(0). Let l = -40 - j. Is (l/(-4))/((-2)/(-44)) a prime number?
False
Suppose 3*i + 4*x - 3*x = 1556, -3*i - 3*x = -1566. Is i prime?
False
Let l(n) = -2*n + 1. Let v be l(-5). Let s = -6 + v. Suppose h + 296 = s*h - 3*g, h = -5*g + 97. Is h a composite number?
True
Let t(p) = p**3 + 9*p**2 + 5*p. Let o be t(-6). Suppose 0 = 3*w - 60 - o. Is w prime?
False
Suppose 15*n = 7215 + 2790. Is n composite?
True
Suppose -2*o - 2*w = -16, -3*o - w + 14 = -3*w. Suppose -o*i + 5 = -i. Let l(z) = 36*z + 1. Is l(i) a prime number?
True
Let i(j) = 12*j**2 - 1. Let w be i(-6). Suppose -3*c + 0*x + 2*x + w = 0, -2*c = 4*x - 282. Is c a prime number?
False
Suppose 2*k + 3 = -i + 18, 0 = 4*k - 5*i + 5. Suppose -6*q + 251 = -k*q. Is q a prime number?
True
Let a(l) = 5*l**3 - 11*l**2 + l + 9. Let h(f) = 3*f**3 - 6*f**2 + f + 5. Let o(m) = 4*a(m) - 7*h(m). Suppose 3 = 2*t + 9. Is o(t) a composite number?
False
Suppose -2 + 3 = u - 3*z, 4*u - 60 = -2*z. Suppose u = -m - 5*v, 5*v - 8 = 7. Let d = m - -42. Is d a composite number?
True
Let m be 1 + -912 - 39/(-13). Is (6/(-8))/(1/m) composite?
True
Let u(k) = 5*k + 7*k + 9 + 5*k. Is u(5) a composite number?
True
Suppose f + 5*i = 132, -5*f + 3*i - 7*i = -618. Is f composite?
True
Suppose x - 7 = -5*t, 0 = 2*t + 5*x - 6*x. Let w be 3 + -4 - (-33)/t. Let d = w - 1. Is d composite?
False
Let s(p) = -p**2 + 44*p + 41. Is s(28) prime?
False
Let m(c) = 38*c**2 + 2*c + 1. Let f(s) = s**2 + 10*s + 8. Let y be f(-9). Is m(y) composite?
False
Let k be 5*1 - (0 + 1). Suppose k = -3*d + 4*d. Suppose d*w + 9 = 85. Is w prime?
True
Let b(n) = 0 + 37*n + 0. Is b(5) a prime number?
False
Let o(a) = 1 + 7 - 4 + a + a. Is o(3) prime?
False
Let l(o) be the third derivative of -37*o**4/6 + o**3/6 + 3*o**2. Let r(z) = -z + 2. Let y be r(3). Is l(y) a composite number?
False
Is (6 - 1300)*(-2)/4 prime?
True
Suppose 3*f = -f + 1956. Is f a composite number?
True
Let m = -54 + 75. Let f be 57/21 + 6/m. Suppose 0 = -i - f*o + 50, -4*o - 199 = -5*i + 108. Is i composite?
False
Suppose -4*t + 177 = 5*l - 203, 5*t + 2*l = 475. Is t a composite number?
True
Suppose -2*h = 5*h - 322. Is h composite?
True
Suppose 2*l - 7*l = 0. Suppose 3*a + a - 380 = l. Is a composite?
True
Let r(k) = 6*k**2 + k - 3. Is r(14) prime?
True
Let g be (-2)/(-2 + (-5)/(-2)). Let x = g + 7. Suppose 4*y + x*h + 0*h - 83 = 0, -2*h = -y + 29. Is y a composite number?
False
Let b(g) = -g**3 - g**2 - g - 2. Let d be b(-2). Suppose -q + 4*h - 6*h = -411, -2031 = -5*q - d*h. Is q a prime number?
False
Let i = 207 + 346. Is i a prime number?
False
Let o = 1650 - 499. Is o prime?
True
Let b be 1 + 1 + -2 - 2. Let x = 0 + b. Is 39/((1*-2)/x) a prime number?
False
Suppose -12 = 4*x, 655 = 5*p - 3*p - 3*x. Is p composite?
True
Suppose 8*d = 3*d - 10. Let y be d/8 + (-4)/(-16). Suppose y*i - 59 = -i. Is i a composite number?
False
Let w = -835 + 438. Is 1*w*2/(-2) a composite number?
False
Suppose -3*a + 15 = -0*a. Suppose 0 = -o, a*b - o - 45 = -2*o. Let p = b + 10. Is p a prime number?
True
Let b = 33 + 2. Suppose -3*u + 70 = -b. Suppose -4*t - u = -5*t. Is t composite?
True
Let h = -543 + 1022. Is h composite?
False
Suppose -3*f = -18 + 3. Suppose 0 = -f*c + 31 + 19. Suppose 4*t - 466 = -3*n, -4*n + c - 2 = 0. Is t composite?
True
Let v(k) = -3*k + 6*k - 3 - 2*k. Let t be v(7). Suppose t*b + 2*m = 130 + 188, -241 = -3*b - 2*m. Is b a composite number?
True
Let k(d) = 23*d - 21. Is k(8) a composite number?
False
Let j = -104 + 209. Let t = 184 - j. Is t a prime number?
True
Suppose 0 = 10*f - 8*f - 794. Is f a composite number?
False
Let h = -13 - -7. Let x = 19 + h. Is x a prime number?
True
Let o(c) = -c**3 + 4*c**2 - 5*c + 3. Let q be o(2). Suppose g + 3*g = 484. Is (-6)/(q - 4) + g prime?
False
Let l be 1/1 + 279 + 5. Suppose 0*x + b - 114 = -2*x, -5*x + 2*b + l = 0. Is x a prime number?
False
Suppose -3*y = -3*b + 3, 5*y - 22 = -6*b + 2*b. Suppose -x = b*x - 60. Suppose 3*t + x = 0, -5*j + 3*t + 155 = 7*t. Is j composite?
True
Suppose 18 - 108 = -5*s. Let x = -2 + s. Is ((-207)/(-12))/(6/x) a prime number?
False
Let x(o) = -o**3 - 12*o**2 + 24*o + 42. Is x(-17) a prime number?
False
Let g(a) = -32*a + 3. Let j(r) = -32*r + 4. Let y(o) = -o + 10. Let q be y(7). Let h(b) = q*g(b) - 2*j(b). Is h(-2) prime?
False
Suppose -2*a = 5*f, 2*a = -3*a + 5*f. Suppose -5*t - 51 = -y - 16, a = -4*y - 4*t + 20. Is y a composite number?
True
Suppose 548 = 4*h - 96. Is h a prime number?
False
Suppose -k + 2*d + 531 = 0, k - 4*d + 9*d = 552. Is k a composite number?
True
Let c(u) = -u**2 + 6*u - 3. Let o be c(4). Let m = -8 + o. Is (1/(-3))/(m/207) a prime number?
True
Let g(v) = 47*v**2 + v - 1. Suppose -6 = -j + 2*j - 4*l, 5*j + l - 12 = 0. Let d = j + -1. Is g(d) a prime number?
True
Suppose 3*c = 14 + 13. Suppose -11*h + c*h = -254. Is h a composite